 j be 2/3*(-9)/6. Let k(b) = b + 4. Let d(s) = -s - 1. Let g(z) = -14*z**2 + 55*z - 1. Let h be g(4). Let c(a) = h*d(a) + j*k(a). Give c(1).
5
Let n(o) = -342*o + 1361. Let r be n(4). Let x(a) = -a**3 - 6*a**2 + 3*a + 11. Calculate x(r).
39
Let i(b) = b**3 - 16*b**2 + 16*b - 2. Let h(c) = -178*c**2 - 537*c + 6. Let w be h(-3). Calculate i(w).
13
Let m(y) = y**2 - 18*y + 20. Let i be ((-54)/12)/(2/4). Let h be (-66)/i + 9 + 1/(-3). Determine m(h).
-12
Let p be (-6)/(-10) + (-105)/(-75). Let j be 120/4*p/(-5) + 3. Let t be (-25 + 0)*j/(180/(-8)). Let m(k) = -k**2 - 11*k - 8. Calculate m(t).
2
Suppose -3*m + 9*b - 11*b + 29 = 0, 2*m - 5*b = -25. Let n(q) = -49*q + 253. Calculate n(m).
8
Let j(z) be the first derivative of z**3/3 + z**2/2 - 8*z - 2. Let y(v) = -25*v**2 - 255*v - 50. Let p be y(-10). Calculate j(p).
-8
Suppose -48 = 4*c - 7*c. Suppose 4*f = c, x + 2*f + 0 - 8 = 0. Suppose -2*r + 3*h + 2 = x, -h = 5*r - r + 10. Let w(d) = d**2 + 1. What is w(r)?
5
Let n(t) = t - 1. Let i(p) = -p - 10. Let x be i(-12). Let o be 15 - 14 - (8/x)/(-2). Let l(j) = -j**2 - 5*j - 9. Let w(h) = o*n(h) - l(h). Give w(-6).
-6
Let t(k) = k + 1. Suppose 0 = -3*f - 119 + 383. Let m = -88 + f. Give t(m).
1
Let h(m) = m**3 + 10*m**2 - 24*m + 5. Let j be 6*(-8 - (-138)/23). Give h(j).
5
Let s(x) be the first derivative of -1/6*x**3 - 1 - 1/60*x**6 + 0*x**4 - 13/2*x**2 + 0*x + 1/30*x**5. Let i(c) be the second derivative of s(c). What is i(-1)?
3
Let z(j) = 3*j - 3 - 11 + 3*j - 15 + 5. Calculate z(4).
0
Let y(a) = -a**2 + 33*a + 32. Suppose -201*j + 2865 = -3768. What is y(j)?
32
Let h(k) be the third derivative of -k**8/20160 - k**7/2520 + k**6/144 - 3*k**5/2 + 187*k**2. Let r(x) be the third derivative of h(x). Determine r(-5).
-10
Let t(a) = -4*a - 4. Let o = -235 - -244. Suppose -7 = o*j + 20. Give t(j).
8
Let h(s) = 41*s**3 + 90*s**2 - 57*s + 39. Let p(g) = -15*g**3 - 31*g**2 + 19*g - 13. Let b(r) = -4*h(r) - 11*p(r). Let o = 27 - 9. Give b(o).
5
Let u(w) = w**3 + 9*w**2 + 2*w + 5. Let h be u(-8). Suppose 5*i - h = 4*i. Let z = -53 + i. Let r(n) = -n**3 - n - 17. What is r(z)?
-17
Let k(d) = -d**2 + d + 2. Let u be 0*(3/(-3))/2*(14 + -13). Determine k(u).
2
Let p(q) = -q + 6. Let w be (-1067)/(-88) + 4 + (-99)/24. Suppose -w*x + 7 + 17 = 0. Give p(x).
4
Let h(c) be the second derivative of -c**3/6 + 3*c**2/2 - c. Let r(i) = -30*i**2 + 326*i + 46. Let w be r(11). Determine h(w).
1
Suppose 0 = -5*x - 4*v + 45, 0 = -x - 5*v + 12 + 18. Let b(t) = 9*t**2 - 12*t + 1. Let z(s) = -4*s**2 + 6*s - 1. Let n(q) = -3*b(q) - 7*z(q). What is n(x)?
-1
Let n(i) = -316*i + 4 + 82*i + 64*i + 82*i + 86*i + 2. Suppose 2*r + 4*d - 2*d + 4 = 0, 2*r = 3*d + 21. Calculate n(r).
0
Let h(c) = c**3 - 11*c**2 + 28*c - 305. Let x be h(11). Suppose -5*m + 19 - 4 = 0. Let a(r) = -2*r + r + 5*r**2 - 3*r**2 + 1 + 4*r**3 - 5*r**m. Determine a(x).
-11
Let t(p) = 14*p + 9 - 8*p + p**2 + 2*p. Suppose 6*h = -4 - 32. What is t(h)?
-3
Let u(y) = 4*y - 2 - 4*y + 2*y + 24. Let v be u(-7). Let r(h) = -11*h**2 - h**3 + v*h**2 + 8*h**2 - 3*h. Calculate r(4).
4
Let d(f) = -f**2 + 5*f. Let i be d(3). Suppose -9*a + 12 = -i. Suppose -a*o - o - 27 = 0. Let h(n) = n**3 + 10*n**2 + 11*n + 12. Calculate h(o).
-6
Let w = 21 - 17. Suppose -w*f - 5*f + 18 = 0. Let a(q) = -3 + q**f - 62*q - q**3 + 63*q + 22 - 2*q**2. Give a(0).
19
Let n(s) = -157*s - 1095. Suppose -3*c + 4*r + 100 = 109, -5*r - 8 = -c. Calculate n(c).
4
Let s(a) = 7*a + 67. Let n be s(-9). Let k(t) = t**2 + 3*t - 7. Let m be k(-5). Let o(p) = -2 + p**3 - 2 - 5*p**2 - m*p + 3*p**2. Give o(n).
16
Let l = 3 - 0. Suppose c - l = 4*c. Let s(n) be the second derivative of -5*n**4/6 - n**3/6 + 712*n. Give s(c).
-9
Let s(f) be the first derivative of -1/4*f**4 + 0*f**2 + 112 + 0*f**3 + 6*f. Suppose -5*w - 5*d + 2*d + 15 = 0, -5*w = 5*d - 25. Determine s(w).
6
Let d(b) be the second derivative of b**3/3 - b**2/2 - 17*b. Let l = 32 - 27. Give d(l).
9
Let b(g) = -3*g**2 + 13*g - 11. Let h(m) = m**3 + 2*m**2 - 122*m - 20. Let c be h(-12). Determine b(c).
-7
Let y(s) = -3*s**2 - 1 - 2*s - s**2 + 6*s**2. Let x be y(2). Let c(u) = -x*u + 10 - 10. Determine c(-3).
9
Let n be -5 - (-42)/9 - 28/6. Let w(r) = 21*r + 94. Let k be w(n). Let t(o) = -o**3 - 12*o**2 - 12*o + 9. What is t(k)?
20
Let o be 48/(-120) + (-162)/(-30). Let u(y) = 4*y - 13. Determine u(o).
7
Let i(y) = -43*y - 358. Let n(s) = 7*s + 58. Let c(o) = -6*i(o) - 37*n(o). Let z be 0 + -1*5 + -1. What is c(z)?
8
Let z(m) = -m**3 + 7*m - 6. Suppose -10*x = -2*a - 11*x - 7, -3*a - 15 = 2*x. What is z(a)?
0
Suppose -3*b - z = -0 + 5, 2*z = -3*b - 10. Let c(m) = 195*m**2 + m**3 + 4 + 187*m**2 - 570*m**2 - 2*m + 189*m**2. Calculate c(b).
4
Let z be 6*3/45*-5 + 4. Let p(n) = -4*n + 10*n + 5*n - z - n**2. What is p(6)?
28
Let s(i) = 6*i**2 - i + 1. Let b be (-1)/(-13 + (25 - 11)). What is s(b)?
8
Let o = -12722 + 12727. Let n(l) be the third derivative of 1/120*l**6 + 1/2*l**3 - 1/8*l**4 + 0*l + 21*l**2 + 0 - 1/15*l**o. Give n(5).
13
Suppose j + 3 = -2*v, 3*v - 4*j + 32 = -0*j. Let x(g) be the first derivative of 2*g**3/3 - 2*g - 52. Determine x(v).
30
Suppose -279 = -18*i + 9*i. Let q(l) = 36*l + i*l - l**2 - 4 - 71*l. Determine q(-4).
-4
Let k(o) = o - 11. Let s(p) = -154 - 250*p + 61*p + 56*p + 63*p + 63*p. Let i be s(-22). Determine k(i).
-11
Let b(s) = -12 + 13*s + 2*s**3 - s**3 - 15*s**2 + 6*s - 16*s. What is b(15)?
33
Let w = -5 - -8. Suppose -14 + 2 = w*r. Let z(g) = -103 - 95 + 298 - g - 97. Give z(r).
7
Let a(c) = -2*c**2 - 4. Suppose -z - 4 = 0, -5*y + 0*z - 3*z + 28 = 0. Suppose y*q - 4 = 12. Suppose 2 = q*t - 4. What is a(t)?
-22
Let o be ((-23)/(-92))/(3/(-6))*6 + 18. Let u(m) = m**3 - 14*m**2 - 21*m + 54. Determine u(o).
-36
Let w(l) = -22*l + 135. Suppose -524*s + 168 = -496*s. Determine w(s).
3
Let j(i) be the third derivative of -i**6/120 + 7*i**5/60 - i**4/12 + 4*i**3/3 + 15023*i**2. Suppose 6*u = 2*u + 28. Calculate j(u).
-6
Let r be -160 - (-7)/28*-4. Let d = r - -170. Let y(s) = -1 + 0*s - 3*s + 5 + 4. Determine y(d).
-19
Let m(a) = 0*a - 44 + 0*a - 58 + 113 + 3*a. Let r(d) = -3*d**2 + 2*d - 2. Let t be r(2). Calculate m(t).
-19
Let m(k) be the first derivative of k**4/4 + k**3 + k**2/2 - k - 2455. Determine m(-2).
1
Let d = -309 - -548. Let w(o) = -d*o - 25*o**2 + 24*o**2 + 243*o - 1. Determine w(4).
-1
Let o(q) = q**3 + 10*q**2 - 18*q + 4. Let s be (24/(-11) - (-52)/286) + -10. Give o(s).
-68
Let j(r) = -r**3 + 6*r**2 + 10*r + 2. Let x(t) = 8*t**3 - 49*t**2 - 78*t - 17. Let k(c) = -47*j(c) - 6*x(c). Give k(12).
-16
Let l be (-68)/782 + 159/(-23). Let u(a) be the first derivative of -a**4/4 - 7*a**3/3 + a**2 + 8*a + 2. What is u(l)?
-6
Let n(m) = -m**2 + 4*m + 4. Suppose -3*z + 6*b = 7*b - 2, -z = -5*b + 26. Let l be n(z). Let i(v) = -6*v**2 - 2*v - 1. What is i(l)?
-5
Suppose 7*i = -0*i. Let k(m) = -5*m + 87. Let g(z) = 6*z - 98. Let x(n) = -6*g(n) - 7*k(n). What is x(i)?
-21
Let d be (-7*4/2)/(-1). Let i(r) = 13 + 19 + d - 47 + 2*r. Determine i(-3).
-7
Suppose -201 = 583*p - 508 - 859. Let b(z) = 2*z**2 + z - 1. Let x(d) = -5*d**2 - 2*d + 2. Let r(m) = -7*b(m) - 3*x(m). Calculate r(p).
3
Let r(l) be the second derivative of -l**4/4 + 22*l**3/3 + 67*l**2/2 - 2*l - 42. Give r(16).
3
Let r = -52 - -50. Let c be (-5 - r)/(-3) - (-33)/(-3). Let g be c - -12 - (9 + -1). Let v(n) = 2*n. What is v(g)?
-12
Suppose -17*q + 52 = 18. Let x(t) = -7*t - 2 - 4804*t**2 - 2*t + 2*t + 4803*t**q. Calculate x(-8).
-10
Let f(o) = 1594 - 22*o**2 - 4*o - 3173 + 1662 + o**3. What is f(22)?
-5
Let p(k) be the second derivative of 101*k + 0 - 1/12*k**4 + 0*k**2 + 4/3*k**3. Give p(8).
0
Let q(j) = -9*j - 21. Let z(x) = -33*x + 71. Let m be z(2). Let g(c) = 7*c + 14. Let r(h) = m*q(h) + 7*g(h). What is r(3)?
5
Let x(p) = -6*p**3 + 9*p**2 - 7*p - 11. Let k(f) = f**3 + f**2 - f - 1. Let l(c) = -5*k(c) - x(c). Determine l(13).
3
Let t(q) = q**2 + 46*q - 39. Let n(z) = 3*z + 1. Let x(i) = 4*n(i) - t(i). Calculate x(-35).
8
Suppose 0*r + 4*r + 8 = 0. Let f(c) = 36 + 34*c**2 - 31*c**2 - 15 + c - 23 + c. Give f(r).
6
Let b(o) be the second derivative of 1/20*o**5 + 1/2*o**3 + 10*o + 0*o**2 - 2 + 1/6*o**4. Give b(-3).
-18
Let z(v) = -v**3 + 10*v**2 + 10*v + 21. Let t be z(11). Let f(m) = -m**3 + 10*m**2 - 4*m + 44. Let